Let g(o) = -o**3 - 7*o**2 - 35*o - 193. Give g(-7).
52
Let v(h) = 41*h + 192. Give v(-6).
-54
Let f(q) = -q**3 + 24*q**2 - 61*q - 21. Give f(21).
21
Let c(l) = -39*l + 932. What is c(24)?
-4
Let t(q) = 35*q - 47. Give t(-11).
-432
Let v(s) = 2*s**3 - 40*s**2 + 98*s + 21. What is v(17)?
-47
Let b(q) = -q**3 - 11*q**2 - 16*q + 12. Give b(-9).
-6
Let o(f) = -16*f**3 + 6*f**2 + 19*f - 54. Give o(2).
-120
Let o(f) = f**3 - 5*f**2 + 2*f + 34. Give o(5).
44
Let u(h) = 3*h**3 - 29*h**2 - 42*h - 26. What is u(11)?
-4
Let h(p) = -183*p - 1288. Determine h(-8).
176
Let v(n) = -46*n**2 + 3175*n - 6. Give v(69).
63
Let d(m) = -m**3 + 34*m**2 - 19*m - 5. Determine d(0).
-5
Let m(o) = 3*o**3 + 7*o**2 - 6*o - 8. Calculate m(-5).
-178
Let w(x) = -3*x**2 + 25*x - 60. Determine w(4).
-8
Let q(n) = 2*n**3 - 24*n**2 + 16*n - 4. What is q(11)?
-70
Let t(g) = 181*g - 1998. What is t(11)?
-7
Let x(u) = 3*u**2 + 128*u - 50. Give x(-50).
1050
Let u(x) = 2*x**3 - 33*x**2 + 66*x - 314. Determine u(15).
1
Let u(t) = -13*t**2 - 3*t - 4. What is u(-3)?
-112
Let b(c) = -1872*c - 430561. Calculate b(-230).
-1
Let d(p) = -16*p**2 - 14*p - 10. Determine d(-1).
-12
Let s(t) = -t**2 - 39*t + 49. Calculate s(-38).
87
Let c(y) = -2*y**2 - 129*y + 30562. What is c(-160)?
2
Let o(l) = -26*l**3 + 28*l**2 - 48*l - 7. Determine o(2).
-199
Let r(h) = 2*h**2 - 104*h + 1328. What is r(31)?
26
Let q(w) = w**2 - 158*w + 3938. Give q(31).
1
Let z(q) = 6*q**2 + 97*q + 136. Give z(-7).
-249
Let r(m) = 2*m**2 - 425*m + 20974. Determine r(135).
49
Let f(u) = 3*u**2 - 166*u + 818. Calculate f(5).
63
Let b(v) = -10*v**2 + 16*v - 35. What is b(8)?
-547
Let m(b) = -2*b**3 + 10*b**2 + 6*b - 9. Determine m(5).
21
Let p(m) = m**2 - 99*m + 2395. Give p(57).
1
Let h(p) = -208*p**2 - 31*p - 31. Calculate h(-1).
-208
Let b(o) = -3*o**3 + 216*o**2 + 12*o - 843. Give b(72).
21
Let m(a) = -20*a**3 + 1143*a**2 - 161*a - 572. What is m(57)?
-2
Let x(d) = d**3 - 6*d**2 - 3*d + 1. What is x(3)?
-35
Let p(z) = -z**3 - 20*z**2 - 1712*z - 30168. What is p(-18)?
0
Let y(r) = 36*r - 3245. Determine y(90).
-5
Let j(m) = -m**2 + 103*m + 84666. Determine j(-244).
-2
Let t(d) = -4*d**3 - 21*d**2 - 16*d + 12. Give t(-4).
-4
Let w(z) = 2*z**3 - 37*z**2 - 66*z + 135. Give w(20).
15
Let n(k) = -k**3 + 11*k**2 - 13*k - 33. Determine n(7).
72
Let k(r) = 2*r + 116. Give k(-1).
114
Let s(l) = -472*l**2 - 9914*l - 39. Determine s(-21).
3
Let a(l) = 6*l**2 + 356*l - 1116. Give a(3).
6
Let w(f) = -f**3 + 7*f**2 - 47*f + 348. Give w(7).
19
Let b(m) = -2*m**3 + 18*m**2 + 7*m + 51. Calculate b(10).
-79
Let z(r) = 277*r + 2054. Calculate z(-7).
115
Let d(x) = -204*x - 203. Give d(-1).
1
Let n(g) = -132*g + 919. Calculate n(7).
-5
Let v(d) = d**3 - 9*d**2 + 13*d + 51. Calculate v(-4).
-209
Let f(p) = 475*p - 11396. What is f(24)?
4
Let v(h) = 137*h + 1214. What is v(-9)?
-19
Let v(i) = 9*i - 480. What is v(58)?
42
Let w(u) = 642*u + 2548. Calculate w(-4).
-20
Let r(w) = -3*w**2 + 40*w + 3. Give r(0).
3
Let z(l) = -l**3 + 4*l**2 + 12*l + 67. Determine z(7).
4
Let m(l) = -l**2 - 62*l - 123. Give m(-60).
-3
Let m(q) = -q**2 - 4*q + 6. Determine m(6).
-54
Let y(x) = -51*x**2 + 64*x + 61. Determine y(-1).
-54
Let v(s) = -s**3 - 36*s**2 - 36*s + 20. Determine v(-35).
55
Let x(c) = 3*c**2 + 7*c - 9. Give x(2).
17
Let a(k) = -k**3 - 8*k**2 + 47*k + 371. What is a(-7)?
-7
Let b(z) = -72*z - 4613. Determine b(-64).
-5
Let s(v) = -3*v**2 - 2871*v + 17334. Determine s(6).
0
Let s(f) = -1129*f - 18065. What is s(-16)?
-1
Let a(h) = -77*h - 1009. Give a(-12).
-85
Let d(z) = -18*z**2 - 769*z + 216. Calculate d(-43).
1
Let c(h) = -6*h**2 + 67*h - 340. Calculate c(11).
-329
Let l(t) = -t**3 - 9*t**2 - 13*t - 37. Calculate l(-8).
3
Let i(w) = -64*w - 715. What is i(-13)?
117
Let b(y) = 2*y**3 + 48*y**2 + 214*y + 3855. Give b(-23).
-9
Let m(o) = -o**3 - 6*o**2 - 16*o - 3. What is m(-2)?
13
Let s(j) = 105*j**3 + j**2 + 7*j + 5. Give s(-1).
-106
Let c(b) = b**3 - 38*b - 8. What is c(-6)?
4
Let l(v) = 91*v + 450. Calculate l(-5).
-5
Let b(r) = -1038*r - 5183. What is b(-5)?
7
Let l(k) = -659*k - 52737. Give l(-80).
-17
Let d(o) = -178*o - 68005. Determine d(-382).
-9
Let n(l) = -l**2 + 45*l - 180. Calculate n(40).
20
Let o(l) = 2*l**3 - 25*l**2 - 9*l + 151. Calculate o(12).
-101
Let h(u) = -8*u - 420. Give h(-53).
4
Let q(p) = p**3 - 13*p**2 + 960*p - 12476. What is q(13)?
4
Let a(z) = 234*z + 2282. Determine a(-10).
-58
Let n(k) = -1001*k - 6012. Determine n(-6).
-6
Let q(w) = -w**2 + 82*w + 447. Calculate q(-5).
12
Let m(r) = -4*r**2 + 17*r - 37. Calculate m(8).
-157
Let d(r) = 3*r**3 - 33*r**2 + r + 32. Give d(11).
43
Let x(g) = -g**2 - 481*g - 34273. Calculate x(-87).
5
Let w(x) = -1550*x**2 - 10850*x + 1. What is w(-7)?
1
Let w(s) = 2*s**2 - 190*s - 1018. Give w(-5).
-18
Let l(k) = -3302*k - 9986. Determine l(-3).
-80
Let v(x) = 3*x**2 - 106*x - 950. Calculate v(-8).
90
Let b(j) = 3*j**2 + 390*j + 5769. Give b(-17).
6
Let c(h) = 1828*h - 53011. Give c(29).
1
Let h(m) = -9747*m + 19482. Determine h(2).
-12
Let d(x) = -274*x + 2179. Give d(8).
-13
Let g(m) = m**2 + 77*m + 53. Give g(-76).
-23
Let a(j) = j**3 + 4*j**2 - 45*j - 204. Calculate a(-6).
-6
Let g(w) = 13*w**2 + 405*w - 28. Calculate g(-31).
-90
Let n(z) = -z**3 + 2*z**2 + 8*z - 258. Calculate n(0).
-258
Let h(i) = 8*i**2 + 213*i + 526. Calculate h(-24).
22
Let k(j) = -6*j**2 - 33*j - 19. Calculate k(-4).
17
Let l(v) = -266*v + 3730. Calculate l(14).
6
Let k(w) = w**3 + 16*w**2 + 60*w + 4. Determine k(-6).
4
Let l(z) = -z**3 - 288*z**2 - 394*z - 30718. Give l(-287).
-9
Let d(s) = s**3 - 40*s**2 + 108*s + 119. Determine d(37).
8
Let l(m) = -16*m**2 - 1027*m - 190. Give l(-64).
2
Let v(q) = -q**3 - 7*q**2 + 3*q + 9. Calculate v(-7).
-12
Let d(z) = -38*z**2 + 11741*z + 317. Give d(309).
8
Let p(x) = -18*x**2 - 145*x - 641. Determine p(-5).
-366
Let a(r) = -r**2 - 154*r - 1149. Determine a(-8).
19
Let a(z) = 20*z + 80. Calculate a(5).
180
Let m(h) = -15*h**2 + 72*h + 153. What is m(-2)?
-51
Let a(c) = 238*c - 7848. Give a(33).
6
Let p(k) = -156*k - 42. Give p(-1).
114
Let f(t) = 205*t**2 - 27*t - 27. Determine f(-1).
205
Let k(y) = -3*y**2 - 119*y - 737. Give k(-32).
-1
Let m(v) = -2*v**3 + 5*v**2 + 99*v + 16. Give m(9).
-146
Let l(g) = 19*g**2 - 111*g + 148. Give l(4).
8
Let z(x) = 45*x**2 + 1433*x - 191. Give z(-32).
33
Let o(w) = 6*w**3 + 78*w**2 + 17*w + 138. Calculate o(-13).
-83
Let u(r) = -5*r**3 - 47*r**2 + r + 40. Calculate u(-9).
-131
Let c(f) = -3*f + 112. Give c(39).
-5
Let y(v) = v**2 + 16*v - 209. Calculate y(-24).
-17
Let a(k) = -k**3 - 116*k**2 - 2332*k + 206. Give a(-26).
-2
Let z(j) = j**3 - 15*j**2 + 29*j - 399. Give z(15).
36
Let w(u) = 261*u + 2862. What is w(-11)?
-9
Let k(d) = 14*d**2 - 9*d + 147. Give k(-7).
896
Let m(l) = l**2 + 39*l - 10543. Calculate m(85).
-3
Let k(y) = -y**2 - 115*y - 2545. Give k(-30).
5
Let r(n) = -n**3 - 44*n**2 + 50*n + 233. Give r(-45).
8
Let w(g) = 4*g**3 + 224*g**2 - g + 102. Calculate w(-56).
158
Let o(y) = 11*y + 167. Determine o(-14).
13
Let x(z) = 5*z**3 + 6*z**2 + 11*z - 3. What is x(-3)?
-117
Let q(g) = -g**3 + 4*g**2 + 171*g - 85. Calculate q(15).
5
Let n(i) = 3*i**3 + 410*i**2 - 126*i + 1512. Calculate n(-137).
5
Let z(k) = 16*k + 201. Calculate z(-15).
-39
Let s(l) = -70*l + 1802. Give s(26).
-18
Let w(h) = 2*h**2 - 127*h + 1705. Give w(44).
-11
Let a(c) = c**3 - 73*c**2 - 4977*c + 479. What is a(-43)?
6
Let t(u) = -45*u + 3. Determine t(3).
-132
Let z(x) = 5*x**2 + 88*x + 65. Determine z(0).
65
Let w(p) = -2*p**2 - 229*p - 989. Calculate w(-110).
1
Let x(b) = -40*b + 553. What is x(14)?
-7
Let u(o) = o**3 - 33*o**2 - 60*o - 2. What is u(35)?
348
Let g(m) = -360*m - 132. What is g(-1)?
228
Let o(s) = 161*s + 88. What is o(-3)?
-395
Let x(i) = 4*i**2 - 47*i - 10. Determine x(12).
2
Let t(s) = -s**3 - 2*s**2 - s - 36. Give t(-4).
0
Let h(g) = -4*g - 74. Determine h(-19).
2
Let v(n) = n**2 + 68*n + 709. Determine v(-55).
-6
Let i(p) = -13*p**2 - 77*p - 77. Give i(-1).
-13
Let w(x) = -x**2 + 21*x - 105. Calculate w(18).
-51
Let m(v) = -9*v + 22. Calculate m(6).
-32
Let d(q) = -q**3 - 5*q**2 + 74*q - 46. Calculate d(6).
2
Let d(i) = -115*i + 1729. Give d(15).
4
Let v(c) = 149*c - 1468. What is v(10)?
22
Let n(w) = w**3 - 145*w**2 + 431*w - 7